*f = -5*s + 10, q*s - 5*s + 5*f = -6. Calculate the highest common factor of h and s.
1
Let h = 11 + -7. Let b = 5 - 0. Let s be -30*(4/b)/(-2). Calculate the greatest common divisor of s and h.
4
Let c be 3/(-6)*18*-1. Calculate the highest common factor of 144 and c.
9
Let s(u) = u**2 - 2*u - 6. Let o = 7 - 13. Let v be s(o). What is the greatest common factor of 6 and v?
6
Let f = 36 + -20. What is the greatest common factor of 128 and f?
16
Let q(x) = x - 12. Let k be q(11). Let t = 7 + k. Let s be 2/4 - (-11)/2. What is the greatest common factor of s and t?
6
Let o = -176 + 246. Suppose 2*d + 0*w - o = -2*w, 4*w + 157 = 5*d. Calculate the greatest common factor of d and 22.
11
Let g be (-6 - -1) + 34/17. Let p be ((-210)/49)/(g/42). Let b(l) = -3*l**3 + l**2 + 3*l + 2. Let a be b(-2). What is the highest common factor of p and a?
12
Suppose 5*w + 26 = 7*w. Let p = 21 + -4. Suppose c - p = 3*v, v + v = -2*c + 58. Calculate the greatest common factor of c and w.
13
Let v(c) = 15*c**2 + 3*c - 1. Let p be v(-3). Calculate the highest common divisor of 50 and p.
25
Let j = 5 + 15. What is the greatest common factor of j and 30?
10
Suppose 2*u = 4 + 2. Let o(m) = -2*m - 3. Let t be o(-3). Suppose -3*n - 59 = -t*v + n, -2*v = 3*n - 45. Calculate the greatest common factor of u and v.
3
Suppose -f + 4*s + 70 = 0, -3*f - s = 3*s - 210. Suppose 2*j - f = j. Calculate the highest common divisor of 10 and j.
10
Let z(c) = 8*c - 5. Let k be (10 - 2) + (-3 - -2). Let m be z(k). What is the highest common factor of 17 and m?
17
Suppose n + 1 = 7. Let r be 10*(2 - -1)/n. Suppose 3*a - 8*a = 2*y + 8, 2*a = -r*y + 22. Calculate the greatest common factor of 4 and y.
2
Let j(x) = x**2 + 4*x - 4. Let m be j(-6). Let f be 0 + -1*(-35)/(-1). Let o = 37 - f. Calculate the greatest common divisor of m and o.
8
Let w be 57/21 + (-4)/(-14). Suppose -3*y + 10 = 2*y. Suppose -4*s - 19 = -3*z, y*z + 3*s - s = 22. Calculate the greatest common factor of z and w.
3
Let n(g) = -g**2 - 15*g + 2. Let o be n(-5). Suppose 0 = -3*y + 7*y - o. Calculate the highest common divisor of 143 and y.
13
Let n = 173 - 153. Calculate the greatest common divisor of n and 5.
5
Let w(k) = k**3 + 7*k**2 + 3*k - 3. Let c be w(-6). What is the greatest common factor of 5 and c?
5
Suppose -3*n = -3*i - 3, -2*i = -3*i + 2. Suppose -n*f = -5*k + 440, -268 + 92 = -2*k - 5*f. Calculate the highest common divisor of k and 8.
8
Let p(b) = -2*b + 6*b - 3*b + 8 - 2. Let a be p(5). What is the highest common factor of a and 11?
11
Let o be (5*1)/(11/11). What is the highest common divisor of 50 and o?
5
Suppose -3*y + 4*g + 43 = -3, 0 = 5*y + 3*g - 38. Suppose 0 = o - y - 18. What is the highest common divisor of o and 84?
28
Let m(a) = -a**2 - 6*a - 5. Let q be m(-4). Suppose q*d - 7*d = -80. Let k be ((-18)/(-15))/(3/d). Calculate the highest common factor of k and 24.
8
Let h be (16/4 + -7)*-30. What is the greatest common factor of 10 and h?
10
Let t = -23 - -40. Let m = 29 - t. Calculate the greatest common factor of 60 and m.
12
Let c be (-8)/(-3)*9/6. Suppose -u - 2 = 0, 4*u - 520 = -c*p - 0*u. Let m be 24/(-3 + 4 + 1). Calculate the greatest common divisor of m and p.
12
Let i be (-1)/((-2)/(-238)) + -2. Let c = i - -201. Calculate the greatest common factor of c and 16.
16
Let i(d) = -7*d - d + 9 - 1. Let k be i(7). Let c = k + 96. What is the highest common divisor of c and 12?
12
Suppose -20 = -4*v - 8. Calculate the highest common factor of 12 and v.
3
Let n(z) = 6*z - 6. Let r be n(2). Calculate the highest common factor of r and 15.
3
Suppose 0 = 3*k - 19 + 4. Suppose -15 = 5*h + 4*u, h = -2*h + u + 8. What is the greatest common factor of k and h?
1
Let u be 3/(-12) - (4627/4)/(-7). Calculate the highest common divisor of u and 15.
15
Let a be 227/5 + 2/(-5). Let h = 29 - 24. What is the highest common factor of a and h?
5
Let i = -95 - -140. What is the greatest common divisor of 5 and i?
5
Suppose 0 = -2*m - 3*m. Suppose m = 2*n + 201 - 21. Let v be (n/4)/(9/(-12)). Calculate the highest common factor of 75 and v.
15
Let d be (-9)/18 + (-87)/(-6). What is the greatest common divisor of d and 35?
7
Let s be 6/9 + 38/6. Calculate the greatest common factor of s and 1.
1
Let c = 6 + 21. Let p = 648 - 405. What is the highest common divisor of p and c?
27
Let j(z) = 2 - 50*z + 51*z + 2. Let n be j(4). Let o = 2 - 1. What is the greatest common factor of o and n?
1
Let d be 50/(-4)*16/(-20). Suppose 2*j + 2*p = 2 + 12, 2*p - 10 = 0. What is the highest common divisor of j and d?
2
Suppose l - 5 - 9 = -3*z, -26 = -4*l + 3*z. What is the highest common divisor of 16 and l?
8
Suppose 3*j + q = -18 + 45, 5*j - q - 53 = 0. Let y = -91 - -191. Calculate the highest common factor of j and y.
10
Let x(k) = -6*k**2 - k. Let c be x(3). Suppose w + 336 = -3*i, -i + 5*w + 15 = 143. Let p = c - i. What is the highest common factor of 14 and p?
14
Let x = -6 - -10. Suppose c - 9 = -d + 1, x*c - 24 = 4*d. Let k be (-4)/(-10) + 390/25. Calculate the greatest common divisor of k and c.
8
Suppose v - 11 = -3. What is the greatest common factor of v and 8?
8
Let k be (-8)/(-1) - (-3)/3. What is the greatest common factor of 63 and k?
9
Let g be 2/(-4)*(1 - 415). Let m = -64 + g. Let j = m + -71. Calculate the greatest common divisor of 8 and j.
8
Let y(g) = -10*g + 5. Let m be y(-3). What is the greatest common divisor of m and 5?
5
Suppose -n = 2*n. Suppose n = -5*m + 3*m + 20. Suppose 0 = -x + 10. What is the highest common factor of x and m?
10
Let y = -39 + 61. What is the greatest common factor of 198 and y?
22
Let l(w) = -w**2 + 5*w. Let r be l(4). Let c be 1/(-2 + 10/4). Let n = 3 - c. What is the greatest common divisor of r and n?
1
Let m be -1*22*(34 + 3). Let n be m/(-6) - 6/9. Suppose -2*u - 3*s - 15 = -3*u, 3*s - 60 = -4*u. What is the greatest common divisor of n and u?
15
Suppose -4*o = 3*r - 36, -2*r = 5*o - 16 - 29. Suppose 0 = -4*h - 1 + o. Calculate the greatest common divisor of 3 and h.
1
Let y(v) = -27*v + 4. Let j(h) = -41*h + 6. Let g(a) = -5*j(a) + 8*y(a). Let n be g(-2). What is the greatest common factor of 6 and n?
6
Let r be 2 + (0 + -3 - -8). Suppose r*y = 2*y + 200. Suppose -4*v = -28 - y. What is the highest common divisor of 17 and v?
17
Suppose 3*b = -2*b. Suppose -5*u - 5*p + 50 = b, 0 = -2*u + 4*u - 3*p. What is the greatest common factor of 42 and u?
6
Suppose -5 + 19 = b. Let t(d) = 3*d**3 + d**2. Let x be t(-1). Let l be (x/(-4))/(1/b). Calculate the greatest common divisor of l and 56.
7
Let d = 19 - -23. Suppose 0 = -21*a + 140 - 14. What is the highest common divisor of a and d?
6
Let h = 7 - 3. Suppose h*y = 5*y - 1. Let a be (-2 - -1) + (y - -110). What is the greatest common factor of 22 and a?
22
Suppose -2*u - 226 = -3*t, 3*t - 236 = 5*u - u. Let z be (7/2)/(3/(-6)). Let b be 12/8*(-1 - z). What is the greatest common factor of b and t?
9
Let r(h) = -4*h**2 + 18*h - 1. Let x be r(4). Let u = -154 - -231. Calculate the greatest common divisor of x and u.
7
Suppose -2*u = -4*t - 28 + 4, -4*u - t = -3. Suppose -3*k + u*k = -8. What is the highest common divisor of k and 32?
8
Let d(t) = t + 3. Let n(s) = -s**3 - s**2 + 2*s. Let v be n(-2). Let w be d(v). Suppose 15 = w*i - 9. Calculate the highest common factor of i and 32.
8
Suppose -27*w + 2652 = -3612. What is the greatest common divisor of 29 and w?
29
Let g = -2 - -6. Let w(y) = -37*y - 1. Let a be w(-1). Calculate the greatest common factor of a and g.
4
Let p(h) = -h - 5. Let t be (10/8)/(1/(-4)). Let w be p(t). Suppose 3*b + 2*i - 28 = 0, -b - b - 2*i + 16 = w. What is the greatest common divisor of 8 and b?
4
Let k be (-240)/56*-7*1. Calculate the greatest common factor of k and 75.
15
Let n = 38 + -21. What is the greatest common factor of 119 and n?
17
Suppose 0 = w + 3*w. Let s be 18 - (-1)/2*w. Suppose -4*f = 5*j + 2 + 1, -2*j = -4*f + s. Calculate the highest common divisor of 2 and f.
1
Suppose -s - 3*s + 60 = 0. Let w(o) = 0*o**3 - 4 + o**3 + s - o. Let t be w(0). Calculate the highest common factor of 121 and t.
11
Let t = -3 + 0. Let s be 12/(-9)*t/2. Let p = s - -15. What is the highest common factor of p and 17?
17
Let t be 51 - (-2 - -4 - 3). Calculate the greatest common divisor of 13 a